 prime?
True
Let u(c) = 44*c + 15. Is u(13) a prime number?
True
Is 10*(-1 + 2 + (-99)/(-22)) prime?
False
Suppose -2*z - 3*z - 15 = 0, 5*k = 4*z + 22. Suppose 25 = k*g - 49. Is g prime?
True
Let v(i) = -i**2 - 4*i + 2. Let h be v(-4). Suppose -3*p + 27 = j - 80, h*p - 4*j = 48. Is p prime?
False
Let n(z) = 8*z + 3. Is n(5) composite?
False
Suppose 28 = 2*r + 2*r. Suppose 61 = -4*m - 5*n, r*n + 47 = -3*m + 2*n. Is 1598/18 + m/(-63) a composite number?
False
Suppose -5*x + f + 767 = 123, -513 = -4*x + 3*f. Is x a composite number?
True
Let h(j) = j**3 + 10*j**2 + 4*j + 2. Is h(-7) a prime number?
False
Suppose 33 = -5*d + 143. Is d a prime number?
False
Suppose 3*j - 179 = 538. Let w = j + -90. Is w composite?
False
Suppose 4*p + 4*f = 3140, -2*f = -2*p - 7*f + 1582. Is p prime?
False
Suppose j + 84 = 5*j. Let l = j + -15. Let q(g) = g**2 - g + 3. Is q(l) a prime number?
False
Let h(t) be the first derivative of -25*t**2/2 + 2*t + 2. Is h(-3) a prime number?
False
Let u = -10 - -13. Suppose -u*l + 442 = -l. Is l prime?
False
Let g = 547 - -273. Suppose -5*s + 10*s - w = g, -143 = -s - 4*w. Is s composite?
False
Let t(m) = 147*m**2 + m - 1. Is t(-1) a prime number?
False
Suppose -3*k = -234 - 1023. Is k prime?
True
Suppose -9*s + 2 = -8*s. Let v be 2 + s/((-2)/(-3)). Suppose 96 = 4*u - 2*j, v*u - 5*j - 5 = 105. Is u composite?
True
Let g(a) = a**3 - a**2 + a + 3. Let i be g(0). Suppose d - 12 = -i*d. Suppose 74 = 5*l - d*l. Is l composite?
False
Suppose -2632 - 1257 = -r + 3*z, -3*z - 7766 = -2*r. Is r composite?
False
Let s = -22 + 41. Is s a prime number?
True
Suppose -4*c + 4 + 4 = 0. Let p be 27/12 - 1/4. Suppose c = h - p. Is h prime?
False
Let p = -68 - -35. Let a = -22 - p. Is a composite?
False
Let s(n) = 3*n**2 + 12*n - 1. Is s(10) prime?
True
Let f(u) = 10*u**2 + 2*u - 2. Let r = 3 + -6. Let i be f(r). Suppose b = i + 81. Is b a composite number?
False
Let h(t) = -4*t - 14. Let a be h(-4). Suppose 0 = 5*m + 3*p - 2158, -2*p - 427 = -m + a*p. Is m a composite number?
False
Suppose 3*n + 34 = n. Let v = 36 + n. Is v composite?
False
Let j = 4355 - 2964. Is j prime?
False
Suppose 1639 = r + x, 3885 = 2*r + 3*x + 607. Is r a prime number?
False
Suppose 0 = 5*y, 0*p = p - 2*y - 3. Suppose -3*c + 2*c = p*o - 44, -4*o + 47 = -c. Let h = o + 178. Is h a prime number?
True
Let p(s) = 6*s**2 + 4*s + 4. Let n = 2 + -5. Is p(n) composite?
True
Let w = 364 - -1357. Is w a prime number?
True
Suppose 11*d - 905 = 734. Is d prime?
True
Let z(s) = -s + 2. Let m be z(0). Suppose -m*c + 780 = 122. Is c prime?
False
Let o = 12282 + -8473. Is o composite?
True
Is 8/2 - (4 + -2271 + 0) composite?
True
Let g(q) be the first derivative of q**3 - q**2 - 7*q - 3. Is g(6) a prime number?
True
Let v(n) = -3*n**3 + 15*n**2 + 80 + 2*n**3 - 8*n - 70. Is v(14) a prime number?
False
Suppose 663 + 152 = 5*p. Is p composite?
False
Let v be (-4)/(-14) + 1569/21. Let g = v - 32. Is g a prime number?
True
Suppose -4*q + 1 = -4*a + 13, 5*q + 3 = -a. Let u(t) = 0 - 3 + 4*t + 12*t**2 + 0. Is u(a) prime?
True
Let o(n) = n**3 - 6*n**2 - 8*n + 8. Let w be o(7). Is (-28)/8*-46*w prime?
False
Let h(d) = -7*d + 7. Let u(r) = 8*r - 8. Let p(q) = -6*h(q) - 5*u(q). Let j be p(3). Suppose -107 - 117 = -j*v - x, 3*v = x + 175. Is v prime?
False
Let f(i) = 6*i - 1. Let l be f(1). Let g be l + (6/1)/(-2). Suppose 17 = 2*p + x - 169, 5*x = g*p - 210. Is p prime?
False
Let g be 2/(-5) + 214/10. Let d = 10 + g. Suppose -196 = -5*r - d. Is r prime?
False
Let m(u) = -u - 1. Let o be m(-1). Suppose 23 = a - o. Is a a prime number?
True
Let v be (10/8)/(2/4072). Suppose k = 6*k - v. Is k a prime number?
True
Let w(t) be the second derivative of -t**5/20 - 7*t**4/12 - t**3/6 - 7*t**2/2 + t. Let k be w(-7). Suppose k*r - 69 = -r. Is r prime?
False
Let h be (1 - 5)/(6/69). Let s = h + 165. Is s a composite number?
True
Let u(c) = -80*c - 1. Is u(-9) a composite number?
False
Let g(w) = 3*w**2 - 2*w - 6. Is g(7) a prime number?
True
Let h = -4 - -7. Let n(y) = 12*y**2 - 4*y + 1. Is n(h) a prime number?
True
Let u(c) = -c - 6. Let p be u(-11). Suppose 3*y - p = 430. Is y a composite number?
True
Let x(l) = -2 - 3*l**2 + l**3 + 2*l + 2*l**2 - 2*l**2. Let d be x(3). Suppose 188 = d*h + 40. Is h composite?
False
Suppose 5*u - 5*h - 15 = 0, -3*u + 11 = -3*h - 2*h. Suppose -2*l + 4*x + 29 = l, l = -u*x + 23. Is l a composite number?
True
Let x = -8 - -27. Is x a prime number?
True
Let o = 525 - 280. Suppose 1021 = 4*l + o. Is 2/10 - l/(-5) a composite number?
True
Is (-2*(-3)/12)/((-1)/(-1258)) a prime number?
False
Suppose 5*k - 6821 = 4*z, -4*z + 480 + 3619 = 3*k. Suppose k = 4*t + 193. Is t a prime number?
True
Suppose 3*y - 2*y - 8 = 4*x, -2*y = 3*x - 5. Suppose 0 = y*z - 7*z - 18. Let o(b) = -2*b - 6. Is o(z) a prime number?
False
Suppose 2*c - 2051 = -z, -8*z + 4*c + 8144 = -4*z. Is z a prime number?
False
Let k = -2187 - -3684. Is k a prime number?
False
Let q = 12 + -17. Is ((-249)/(-6))/(q/(-20)) prime?
False
Suppose 0 = 5*o - 48 + 13. Is o a prime number?
True
Let g = 22 - 16. Suppose -4*m = -3*m - 76. Suppose -2*f + g*f = m. Is f a composite number?
False
Let o(c) = 4 + c**3 - 4*c**2 + 14*c**2 - 10*c - 12*c**2. Is o(7) a composite number?
False
Let h = 291 - 201. Let m = h + 179. Is m a prime number?
True
Suppose -5*w + 6*w - 1535 = 0. Suppose 9*o - 5*s = 4*o + 1535, -s + w = 5*o. Is o composite?
False
Suppose -2*n = 2*n + t - 34, 6 = -3*t. Is -111*(-1)/(n/3) a composite number?
False
Let i(q) = q**2 - q + 51. Let a be i(0). Suppose -4*y + a = -3*y. Is y a prime number?
False
Suppose n - p = 3 - 1, 10 = 2*n + 4*p. Suppose -17 = -2*t - n. Suppose -t*s - 2*u + 258 = -3*s, 0 = s + u - 64. Is s a prime number?
False
Let v(x) = x**3 + 6*x**2 - 5*x + 1. Let n(a) = -3*a + 2 - 1 + 5. Let j be n(4). Is v(j) prime?
True
Suppose 2*v + 10 = 7*v. Let c be 2/(-4) - (-5)/v. Is (-139)/(-3) + c/(-6) a prime number?
False
Suppose 2*t = -5*f + 35, 35 + 5 = 5*t + 3*f. Suppose 0 = -t*a + 2*n + 577, 155 = 2*a + 4*n - 71. Is a composite?
True
Let i = -7 - -12. Suppose w - 18 = i. Is w a prime number?
True
Let m be ((-8)/(-8))/(1/5). Let i = m - 2. Suppose 0 = -3*c + i*g + 597, 25 = c + 5*g - 198. Is c a composite number?
True
Suppose 9 = i - 0. Is ((-66)/i)/(2/(-6)) a composite number?
True
Let a(t) = t - 2. Let r be a(4). Suppose m + g - 242 = 4*g, -r*m + 496 = -2*g. Is m composite?
False
Let n be 3/((-6)/(-10)) + -2. Let s(l) = 18*l**2 - l + 1. Let w be s(1). Let q = w + n. Is q prime?
False
Let g(i) = -2*i - 14. Let k be g(-10). Let r(x) = -x - 4. Let m be r(k). Is (-4)/m + (-886)/(-10) composite?
False
Suppose -h - 4*u + 7*u = -385, -5*h + 1961 = 3*u. Is h a composite number?
True
Let k = 2 + -4. Let j = 4 + k. Is 1/(-2)*j*-19 a composite number?
False
Let m(w) = -w**3 + 10*w**2 - 1. Is m(8) prime?
True
Suppose 2*x + f = 7*x - 11, -x = f - 1. Suppose 0*w + x*w = -5*d + 764, -3*w + 2*d + 1127 = 0. Is w a composite number?
True
Suppose 9 = -4*k - 3*x, -k + 3*x + 9 + 0 = 0. Suppose 0 = -3*u - k*u + 66. Is u prime?
False
Let y(i) = -i**2 - 5*i + 5. Let l be y(-5). Suppose -4*n = -l*c + 391, 2*n = 6*c - c - 393. Is c composite?
False
Suppose 5*n + j = 1292, -2*n + 0*j = 2*j - 512. Is n prime?
False
Suppose p = -5*g + 21, g - p - 19 = -4*g. Suppose -15 = -m + 4*b + 1, 3*m - g*b = 16. Suppose -2*f + m*f = -102. Is f a composite number?
True
Let t(f) = -11*f + 1 + 0 + 8. Is t(-10) prime?
False
Suppose -14*y = -34730 + 4504. Is y prime?
False
Let r(b) = -8*b + 8. Let s(m) = 39*m - 40. Let c(i) = 11*r(i) + 2*s(i). Let l be c(6). Let d = 99 + l. Is d composite?
False
Let n be (-40)/(-5)*3/(-4). Let f be (-16)/(-6) - 2/n. Let v(z) = z**3 - 2*z**2 - z + 1. Is v(f) a composite number?
False
Let q = 6 + -4. Suppose q*j = -12 + 110. Is j prime?
False
Let k = 174 + -65. Is k a prime number?
True
Let j = 14 + 20. Suppose -5*f + 107 = 3*v - 7*v, f - j = 5*v. Is f a prime number?
True
Let h = -17 - -248. Suppose 2*i + i - h = 0. Is i prime?
False
Let p(x) = 84*x**3 - 2*x**2 + 3*x - 2. Is p(1) composite?
False
Suppose 3*x = 3*q, -x - 4 = -4*q + 2*q. Suppose -q*k + 20 = 4*m, 2*m = 2*k - 6 - 12. Is (-2)/(-4)*k*34 composite?
True
Let f(k) = 11*k. Let m be f(2). Suppose r - m = -5*v, -4*r + 4*v + 104 = 16. Is r a composite number?
T